 = -4*v + 5. Let d(x) = 5*x - 6. Let h(j) = -6*a(j) - 5*d(j). Let q(i) = -h(i) - 2*k(i). Determine q(6).
-4
Let d be 2*(-4 + (-3)/(-3)). Let x be (d/(-1))/(-2)*-1. Let j(y) = y - 3. Determine j(x).
0
Let k = -7 + 1. Let y(q) = -14 + q - 2*q**2 + 15 + q**2. Let v(c) = 6*c**2 + c - 10. Let r(j) = v(j) + 5*y(j). What is r(k)?
-5
Let p(h) = h**2 - 19*h + 24. Let v(t) = t**2 - 44*t + 61. Let f be v(43). Calculate p(f).
6
Let y(t) be the third derivative of t**5/12 - t**4/24 - t**3/3 - 228*t**2 - t. Give y(-2).
20
Let t(b) = -b**3 + b**2 + b + 15. Suppose d - 2*d + 20 = 0. Suppose m - 20 = 4*v - 3*m, -d = v - 4*m. What is t(v)?
15
Let w(c) = -c**2 - 23*c - 37. Let r(k) = 5*k + 9. Let h(l) = 9*r(l) + 2*w(l). What is h(-4)?
-21
Suppose -2*n - 3 = -p - 2, 0 = -2*p + 2. Let o(h) be the second derivative of -1/20*h**5 + 0 + 0*h**4 + 3*h**2 - 3*h + 1/6*h**3. What is o(n)?
6
Let s(d) = -d**3 + 9*d**2 + 7*d + 24. Let c = -782 - -792. Calculate s(c).
-6
Let c(z) = -3*z + 3. Let f(p) = 2*p - 3. Let q(t) = 4*c(t) + 5*f(t). Let a be q(0). Let n(m) = 2*m**3 + m**3 - 2*m - 4*m**3 - 4 - 4*m**2. What is n(a)?
-7
Let k = 151 - 151. Let g(s) = 4 - 2 + s + 0*s. Give g(k).
2
Let x be 3 - -128 - (-3)/(-1). Let j be (-6)/15 - x/(-20). Let y be 12/(-8)*8/j. Let m(b) = -2*b**2 - 3*b - 3. Calculate m(y).
-5
Let w(k) = k**2 + 15*k - 8*k + 10*k**2 - 7 - 8*k - 3*k**2 + k**3. Calculate w(-8).
1
Let t(w) be the third derivative of w**4/24 + 8*w**3/3 + 75*w**2 + 2. Give t(-13).
3
Let i = 21 + -18. Suppose -n = 4*y + 7, -i = 5*y - n - 1. Let c(o) = -o**3 + 2*o**2 + 2*o + 1. Determine c(y).
2
Let g(f) be the first derivative of -f**2 - 2*f - 242. Give g(4).
-10
Let r(l) = -3*l - 2. Let d = 267 + -272. Give r(d).
13
Let a = 4 - 2. Suppose -a*z + 15 = -7*z. Let k(c) = 6*c**3 + 5*c**2 - c + 12. Let r(d) = -7*d**3 - 5*d**2 + 2*d - 14. Let u(l) = -6*k(l) - 5*r(l). Give u(z).
-8
Let v be 1*((-3)/((-3)/(-2)) - -5). Let o(n) = -n**3 + 3*n**2 - 2*n + 5. Calculate o(v).
-1
Let z(d) = 2*d - 1 - 7*d - 1 + 4*d. Let w be 8/(-36) - 6/(-27). Determine z(w).
-2
Let d(g) = -g**3 - 6*g**2 + 4*g - 1. Let f(l) = -82*l + 240. Let x be f(3). Determine d(x).
-25
Suppose 0 = -b + 5*l - 1, -2 = b + 3*l - 1. Let w(v) = 4*v + 1235*v**3 - 614*v**3 - 613*v**3 + v**2 - 3*v + 0*v. Determine w(b).
-8
Let k = -20 + 27. Let o(a) = -a + 18. Let m(w) = -2. Let p(h) = 5*m(h) + o(h). Calculate p(k).
1
Let o(k) be the second derivative of 3*k**4/4 - k**3/6 - k**2/2 - 23*k. Let g be (-4)/18 - 4/(-18). Suppose g = -2*t - 2. Calculate o(t).
9
Let u(r) = -r**3 + 16 - 6*r**2 - 6*r + 2*r**2 - 14 + 2*r. Determine u(-4).
18
Let p(y) = y**3 + 6*y**2 + 2*y + 3. Suppose x - n + 5 = 0, -n + 5 = -x - 5*n. Give p(x).
18
Let y(t) be the second derivative of -t**3/6 + 7*t**2/2 - 16*t - 10. What is y(-8)?
15
Let s(j) = j**3 - 3*j**2 - 4*j. Suppose 40*b = 36*b + 16. Determine s(b).
0
Let l(z) = 3*z**2 - 6*z - 9. Let d(g) = 4*g**2 - 5*g - 10. Let w(x) = 2*d(x) - 3*l(x). What is w(8)?
7
Suppose 10 = -3*w + 25. Let i(l) = w*l**2 - 37*l**3 + 77*l**3 + 3*l - 39*l**3. What is i(-3)?
9
Let o be -12 + (-1072)/(-88) + 128/22. Let f(w) = w**2 + w - 1. What is f(o)?
41
Let m(d) = 4*d - 9. Suppose -6*o - 20 = -8*o - 4*a, -4*o + 5*a + 27 = 0. What is m(o)?
23
Let g(j) = 11*j**2 - 35*j - 13. Let v(c) = 5*c**2 - 17*c - 5. Let u(i) = -4*g(i) + 9*v(i). Calculate u(6).
-35
Let s(j) = j**3 - 7*j**2 + j - 4. Let v = 77 + -81. Let a(q) = q**3 - 8*q**2 - 4. Suppose -r - 3 = -8. Let m(y) = r*s(y) + v*a(y). Calculate m(3).
11
Let i = -45 + 36. Let u(j) be the second derivative of j**5/20 + 5*j**4/6 + 3*j**3/2 + j**2/2 + 2*j. Give u(i).
1
Let i(u) = -5*u**3 - 16*u**2 + 5*u - 11. Let s(q) = -4*q**3 - 15*q**2 + 4*q - 10. Let g(n) = 3*i(n) - 4*s(n). Give g(-12).
19
Let q(l) = -l + 6. Let o(c) = c + 9. Suppose -6*b + 61 = 25. Suppose -b*h = -7*h - 9. Let m be o(h). What is q(m)?
6
Let q(j) = j**3 - 6*j**2 + 6*j - 2. Let z be q(5). Suppose -5*i - 32 = -4*m, 2*i + 7*m - 4 = z*m. Let u(x) = -2*x**2 - 5*x + 4. What is u(i)?
-8
Suppose 0 = -116*j + 21*j - 190. Suppose -4*u + 17 = a, -2*a - a - 4*u + 19 = 0. Let n(r) = 0 + 3 + 7*r - a. Give n(j).
-12
Let a(d) be the first derivative of -d**2/2 - 5*d - 16. Let o be a(-10). Let c(f) = -f - 6. Determine c(o).
-11
Let u(t) = -2*t - 7. Suppose 30*l = 36*l - 726. Let h = l + -121. Give u(h).
-7
Let f(u) = -18 - 5*u + 19 + 2*u**2 + u**2. Determine f(2).
3
Suppose v - 7 + 2 = 0. Let x(p) = 7 + 9*p - 7*p + 2 - 15. Give x(v).
4
Suppose -5*v - 17 = -47. Let y(g) = -2*g**2 + 5*g + 1 + g**2 + 2*g. Give y(v).
7
Let i(z) = z**2. Let g(q) = 2*q**2 - 4*q + 4. Let a(v) = -g(v) + 3*i(v). Let u = -12 - 18. Let x be u/(-4)*(2 + (-16)/6). Calculate a(x).
1
Let g(j) = j - 5. Let n(l) = -2*l + 9. Let y be 0 + 3/(-2) - 19/2. Let d(q) = y*g(q) - 6*n(q). Calculate d(-5).
-4
Let s = 10 + -11. Let d(n) = n**2 + 1. Let l(q) = -6*q**2 - 6*q - 7. Let m(b) = s*l(b) - 5*d(b). Let t be (-9 + -1)*(-1)/(-2). Determine m(t).
-3
Let r(y) = 3*y**3 - 4*y**2 + 4*y - 4. Let z(l) = 58*l + 234. Let d be z(-4). Determine r(d).
12
Suppose -3*z - 4*r - 3 = 0, -z + 2*r - 8 = r. Let w(h) = h**2 + 6*h - 2. Let u be w(z). Let q(p) = -p. What is q(u)?
7
Let f(l) = -9*l**3 + 5*l**2 - 52. Let i(j) = -19*j**3 + 11*j**2 - 121. Let a(m) = -7*f(m) + 3*i(m). Suppose 0 = -5*b, -4*v + 3*b = 2 - 6. What is a(v)?
5
Let i(k) = -k**2 - 1. Let r(y) = 2*y**2 - 4*y + 5. Let h(f) = 4*i(f) + r(f). What is h(-2)?
1
Let x(f) be the second derivative of f**4/12 + f**2/2 + 3*f - 20. Determine x(-1).
2
Let s = 625 + -610. Let g(v) = -v**2 + 15*v - 7. Calculate g(s).
-7
Let w(f) be the second derivative of f**5/20 - 2*f**4/3 + f**3/6 + 7*f**2/2 + 87*f. Suppose 46 = 5*l + 3*g, -7*l + 2*l - 2*g + 44 = 0. Calculate w(l).
15
Let a(f) = f**3 - 2*f**2 - 3*f - 3. Let d be a(4). Let r(p) = 0*p**3 - 14 - 2*p**3 + 3*p**3 + 3*p**2 - p + d. Determine r(-3).
6
Let h(y) = y + 16 + 20 + 16 + 17 - 59. Give h(3).
13
Let j(v) = 2*v**2 - 2*v - 1. Let u be j(3). Let t(m) = m**2 + 5*m + 1. Let z(w) = 4*w**2 + 14*w + 3. Let n(y) = u*t(y) - 4*z(y). Calculate n(-1).
-5
Let s(b) = -3*b + 14. Let d be (8/(-12))/((-4)/36). Determine s(d).
-4
Let w(v) = -v**2 + 4*v - 3. Suppose 3*x - 2*x + 62 = 5*a, a - x = 10. Let p be a/(-4) - (-48)/(-64). Let f be (5 + p)/(2/6). Calculate w(f).
0
Let i = -56 - -74. Let n = 10 - i. Let d(j) = -j**2 - 9*j - 2. Calculate d(n).
6
Let h(z) be the second derivative of 4*z + 1/3*z**3 - 1/2*z**2 + 0. Calculate h(2).
3
Let k be (4 - 1)/(3/4). Let b(l) = l - l - k + 3*l. Suppose -3 = 2*f - 3*f. Determine b(f).
5
Let j(g) be the third derivative of 0*g + 1/6*g**3 + 1/12*g**5 - 1/6*g**4 + 0 - 1/120*g**6 - 34*g**2. Suppose 0*s + s - 3 = 0. Give j(s).
7
Let h(f) be the first derivative of -f**4/12 + 7*f**3/6 + 21*f**2/2 - 4. Let c(s) be the second derivative of h(s). Determine c(6).
-5
Let g(w) = w**3 + 7*w**2 + 5*w - 6. Let x be g(-6). Let o(m) = -1 + x - m + 0*m - 7. Let r be (-2 - -2)/(9/9). Give o(r).
-8
Suppose 4*q = -2*w + 72, 0*w = -4*w + 8. Let j = 19 - q. Let x(d) = 1 + 5*d**2 + j*d**2 + 0 + 0. Give x(1).
8
Suppose -5*h + 21 - 4 = 2*a, 3*a - 13 = 5*h. Let u(i) = -13*i + 9 + i + a*i + 7*i. Suppose 0 = -2*f - 3*f. Determine u(f).
9
Let g(d) be the second derivative of d**4/12 + 5*d**3/3 - 7*d**2/2 - d + 107. Give g(-11).
4
Let x(q) = 2*q**2 - 3*q + 1. Suppose -5*s + 62 = -163. Suppose s - 5 = -2*d. Let j be 3/5 - 28/d. Determine x(j).
3
Suppose h - 15 = -2*h. Suppose -z = -5*z - f - 11, -f - h = z. Let t(p) = -p - 3 - 2 + 3 - 3*p. What is t(z)?
6
Suppose -4 + 19 = -3*l. Let d(w) = -7*w**3 + 4*w**2 - 2*w - 1. Let p(u) = -8*u**3 + 5*u**2 - 2*u - 1. Let a(f) = l*d(f) + 4*p(f). Give a(-1).
-4
Let w be (-1)/(-2) + (-11)/2. Let k be -1 - -6 - (-4 + 6). Let l(n) = 2*n**2 + 5*n - 7 + 4*n**2 - 22*n**k + 9*n**3 + 14*n**3. Give l(w).
-7
Let x(p) = -p**3 - 2*p - 1778*p**2 + 1774*p**2 - 6 + 8 - p. Calculate x(-4).
14
Let y = -6 + 14. Let l(k) = -7*k + 7. Let w(u) = -20*u + 21. Let q(v) = -11*l(v) + 4*w(v). What is q(y)?
-17
Let p be (14 - 8)/((-2)/(-2)). Suppose p = 7*g - 5*g. Let y(x) = x**3 - 4*x**2 + 3*x + 2. What is y(g)?
2
Let f(m) = 40*m - 13. Let y(n) = -21*n + 7. Let v(t) = 6*f(t) + 11*y(t). Determine v(1).
8
Let f(r) be the third derivative of -r**6/120 + r**5/4 - 7*r**4/12 - 2*r**3/3 + r**2 + 1